e r(f).
-5
Let l(s) = 171620*s**2 - 3*s + 4*s - 171603*s**2 + 4 + 3*s. Calculate l(-2).
64
Let s(m) = -7*m - 6. Let n(b) = 4*b + 3. Let k(a) = -11*n(a) - 6*s(a). Suppose 32 + 15 = 4*g - i, -5*i = -25. Let w be ((-2)/(-6))/(g/78). What is k(w)?
-1
Suppose 0 = -4*c - 0*c + 8, -v + 4 = c. Suppose 0 = 5*o - v*q + 15, 2*o + 4*q - 18 = -0*o. Let i(s) be the third derivative of s**4/24 - 3*s**2. Determine i(o).
-1
Let p(d) = 5 - d**3 - 61 + 48. Let v be 4/3*3/12*0. Give p(v).
-8
Let z(j) = -49*j**2 + 1 + j + 9*j**2 + 14*j**2 + 19*j**2. Suppose -6 = -6*h + 3*h. Determine z(h).
-25
Let p(m) = -m**3 - 3*m**2 + 9*m - 8. Let g(q) = q**2 + 11*q - 395. Let y be g(15). Determine p(y).
-3
Let v be ((-264)/4)/(-6) - 7. Let u(t) = t - 5. Let f be u(7). Let a(y) = -y + 3 + f*y - 2*y. Determine a(v).
-1
Suppose -32 = -5*m + 23. Let k(a) = m*a**2 + 9 - 2 + 18*a - 5 + a**3. Calculate k(-9).
2
Suppose 2 = 5*s - 23. Suppose s*h - 7 = -2. Let j(v) be the second derivative of 7*v**5/20 - v**3/6 + v**2/2 + 16914*v - 2. Determine j(h).
7
Suppose -2*y - 73 = r, 3*y + 3*r = 2*r - 107. Let h = -3 + y. Let b = h - -30. Let j(p) = p**2 + 9*p + 5. Give j(b).
-9
Let s(l) = -l**3 + 15*l**2 - 13*l - 29. Let a(w) = w**2 + 34*w - 322. Let h be a(-42). Calculate s(h).
-15
Let f(o) = o**3 - 3*o**2 - o - 5. Let v(q) = -q**2 + 10*q - 17. Let c = 90 - 76. Suppose -c = 15*h - 17*h. Let a be v(h). Determine f(a).
7
Let f(l) = 2*l**2 + 6*l + 4. Let k = 70 + -68. Let x be ((-2)/(-8))/(k/(-40)). Determine f(x).
24
Let r(w) be the third derivative of w**4/24 + w**3 - 30*w**2. Let n(i) = 41. Let o(b) = -n(b) + 4*r(b). What is o(5)?
3
Let r be 6/4*(-70)/21. Let n(k) = -7*k**2 + 1158*k - k**3 - 388*k - 387*k - 389*k - 5. Determine n(r).
-25
Suppose 8 = 32*k - 24*k. Let x(a) = 2*a. Let r(o) = -3*o. Let h(d) = 3*r(d) + 5*x(d). What is h(k)?
1
Let p(o) = -5180*o**2 - 5*o + 5179*o**2 + 8*o. Give p(-6).
-54
Let y = -25 - -29. Suppose -23 = -3*h - y*v, 5*h - 35 = -0*h - 5*v. Let u(s) = 392*s**2 + s + h*s - 5 - 391*s**2. Give u(-6).
-5
Let z(x) = -276*x - 6637. Let j be z(-24). Let u(g) = -g**3 - 9*g**2 + 52*g - 3. What is u(j)?
-3
Let a(q) = -q - 11 - 2*q + 4*q - 4*q + 8 + 3*q**2 + q**3. Let t = -6 + 11. Suppose x + x - 11 = 5*d, -4*x + t*d + 7 = 0. Calculate a(x).
7
Suppose -4*n - 27 = -13*n. Let s(m) = 14*m**3 - 4*m**n - 3 - 9*m**3 + 7*m**2 + 4*m + 0*m**3. Give s(-5).
27
Let c(m) = -12*m. Let s(y) be the second derivative of 0 + 0*y**2 + 10*y + 1/6*y**3. Let u be s(-1). Determine c(u).
12
Let f(u) = u**2 + 16*u - 18. Suppose 9*l - 1887 - 714 = 0. Suppose 0 = -18*p + p - l. Give f(p).
-1
Let a = 1844 - 1845. Let x(h) = 3*h - 4. Calculate x(a).
-7
Let b(o) = 8*o**2 - 15*o + 7. Let c(t) = 3*t**2 - 8*t + 4. Let i(n) = 2*b(n) - 5*c(n). Suppose 72 = -5*z + 27. What is i(z)?
-15
Let c be 15 - (-5)/((-15)/(-12)). Suppose -5*s + 9*v - 8*v - 50 = 0, -4*s + 5*v = c. Let f(z) = z + 5. Give f(s).
-6
Let u(a) = a**2 - 9*a - 4. Let d be u(9). Let s be d/(3/(27/6)). Let w(q) be the second derivative of -q**3/6 + q**2/2 + 1925*q + 2. Give w(s).
7
Let k = 13589 - 13585. Let h(s) be the third derivative of 0 - 27*s**2 + 0*s + 1/3*s**k + 1/2*s**3. Give h(-2).
-13
Let b(g) = -g**3 - 4*g**2 - g + 4. Suppose -s + 432 = -5*z, -4*z - 360 = 7*s - 3*s. Let j = 85 + z. Calculate b(j).
-2
Let d be 2*(9324/(-24))/37. Let s(k) = -5*k - 44. Give s(d).
61
Let x(k) be the second derivative of -k**4/12 + 3*k**3/2 - 7*k**2/2 + 4*k - 7. Let s = 7 - 4. Suppose 4*q + l = 33, 4*q = 2*q - s*l + 29. What is x(q)?
7
Let v = 29483 - 29477. Let l(j) = -5*j**2 + 3*j + 10. What is l(v)?
-152
Let o(p) = -p**2 - 4*p + 15. Suppose -4*m + 16 = 0, -19 = -h - 4*m + 5. Suppose -h*a = 76 - 20. Determine o(a).
-6
Let j(z) = z**2 + 4*z + 6. Let p(w) = -w**2 + 18*w - 14. Let x be p(13). Let y = -49 + x. Suppose -10 = y*v + 3*b - 3, 13 = -2*v + 3*b. Give j(v).
11
Let s(d) = -7*d + 7. Let j(a) = -12*a + 13. Let m be (-6)/11*132/(-24). Let k(q) = m*j(q) - 5*s(q). Determine k(9).
-5
Let h(x) = -x + 127. Let g = 26316 - 26316. Determine h(g).
127
Let z(u) = -u**3 - 6*u**2 - 10*u - 56. Let r(o) = -387*o + 2316. Let k be r(6). Determine z(k).
4
Let c(s) = -s**3 - 3*s**2 - 2*s - 6. Let y(q) be the second derivative of q**3/2 + 9*q**2 + 13*q. Let j be y(-13). Let g be -3*((-34)/j - 14/49). What is c(g)?
18
Let k(c) = -4*c**2 + 1. Suppose 5*r = 175 + 30. Let u = 44 - r. Let w(b) = 3*b**2 - b. Let z(j) = u*w(j) + 2*k(j). What is z(2)?
0
Let h(z) be the third derivative of 7*z**4/12 - 4*z**3/3 + 22*z**2. Let d be h(3). Let p = d + -27. Let u(w) = -w - 2. Determine u(p).
-9
Let n(w) be the first derivative of w**3/3 - w**2 - 19*w - 3065. Give n(5).
-4
Let u(a) = a**3 + 2*a**2 - 3*a - 1. Let c be -2 + 404 - (8 + 8)/4. Let t = -402 + c. Give u(t).
-21
Let z be (-10 + 0/(-5))/(-2) + -12. Let m(x) = 10*x - 11. Calculate m(z).
-81
Let y(j) be the third derivative of 3/2*j**3 - 1/60*j**5 + 26*j**2 + 0 + 0*j - 3/8*j**4. Let l(f) = -f**2 + 5*f - 14. Let p be l(4). Determine y(p).
-1
Let q = 554 - 554. Let w be (q + -6 - -9) + -7. Let j(k) = 3*k**2 + 4 + 2*k + k**3 - 5*k + 0*k**3. Calculate j(w).
0
Suppose c + 8 = -c. Let b(j) be the second derivative of j - 1/6*j**3 + 5 + 0*j**2. Calculate b(c).
4
Suppose -4*i + 3*t = 351, -t + 79 = -i - 2*t. Suppose 11*f - 8*f = -4*p - 5, -2*f = -4*p + 10. Let s be p/((-4)/i*-3). Let c(n) = -n + 8. Give c(s).
15
Let x(m) = 3*m**2 + 2*m - 4. Let n(a) = -21*a**2 + 28*a + 12. Let p(k) = n(k) + 5*x(k). What is p(6)?
4
Let q be (-15)/9*(-105 - -90). Let j(n) = n - 20. Give j(q).
5
Let a(g) be the first derivative of -17*g**2/2 - g + 6. Suppose -b + 4*b + 3 = 0. Give a(b).
16
Let o(q) = 10*q**2 + 66*q - 35*q - 5 + 4 + q**3 - 20*q. What is o(-8)?
39
Let z(v) = v**3 - 26*v**2 + 47*v + 23. Let k = 2743 + -2719. Determine z(k).
-1
Let h(d) = 13*d**3 - 16*d**2 + 4*d + 62. Let g(b) = b**3 - 2*b**2 + b + 10. Let y(i) = -6*g(i) + h(i). Determine y(2).
38
Let i(t) = 44*t + 213. Suppose 2069 + 711 = -556*u. Give i(u).
-7
Suppose 4*l + 2*v = -18, 2 = -3*l - 2*v - 13. Let f(t) be the third derivative of t**6/120 + t**5/15 + t**4/12 - 7*t**3/6 - 5*t**2. What is f(l)?
-4
Let h(g) = g**2 + 24*g - 59. Let b be h(3). Let w(r) = -r**3 + 21*r**2 + 21*r + 14. Give w(b).
-8
Let k(d) be the third derivative of -11*d**4/12 - 149*d**3/3 + 1352*d**2 - 2*d. Give k(-14).
10
Let i(b) = -151*b**2 - 352*b + 10. Let u(p) = -117*p**2 - 264*p + 7. Let h(c) = 14*i(c) - 18*u(c). Determine h(-22).
14
Let m(g) = 5*g - 113. Let i(v) = 2*v + 68. Let j(p) = 2*i(p) + m(p). Calculate j(-16).
-121
Let z(s) = s**3 + 4*s**2 + s - 3. Suppose 87*b - 93*b = -30. Suppose -1 = m, -b*c - 3*m - 13 = -5*m. Give z(c).
3
Let h(l) be the second derivative of -17*l**3/6 - 117*l**2/2 + l - 1931. Calculate h(-7).
2
Suppose 0 = -11*b + 102 - 69. Let s(k) = k**2 + 2*k - 1. Let g be s(b). Let y(i) = i**2 - 15*i + 13. Calculate y(g).
-1
Let o(b) = -10*b - 4. Let i(d) = 12*d + 0*d + 2 - 11*d. Let x(w) = i(w) + o(w). What is x(-1)?
7
Let r(o) = o - 3*o - 32 - 8*o + 24 - o**2 + 2*o - o. Let i = -3 - 3. Determine r(i).
10
Let k(p) be the second derivative of p**5/20 + p**4/3 - p**3/2 - 11*p**2/2 - p + 379. Calculate k(-4).
1
Let k(p) = p + 2. Let b(z) = -z**3 + 5*z**2 + 21*z + 22. Let v(i) = -b(i) + 14*k(i). Let f = 15 + -15. Let t be f*4/8 + 6. Determine v(t).
0
Let y(w) = -2*w + 26. Let k(s) = s - 17. Let m(b) = 8*k(b) + 5*y(b). Let u = -60502 + 60497. What is m(u)?
4
Let j = -33307 + 33334. Let k(m) = -2*m**2 + 59*m - 145. What is k(j)?
-10
Let c(y) = 5*y + 263. Let a be (-19 + 8 + 12)*-54. Calculate c(a).
-7
Let z(w) = -39*w**2 - w - 1. Suppose -2*r + 4*i = 6, 14*r = 9*r + 3*i - 8. Give z(r).
-39
Let t(n) be the third derivative of n**6/180 - n**5/60 - n**4/6 + 10*n**3/3 + n**2 + 13. Let m(r) be the second derivative of t(r). Determine m(6).
22
Let s be 7/(-5) + 2/5 - (-57 - -46). Let z(d) = d**2 - 12*d + 11. What is z(s)?
-9
Let v(x) = -2*x**2 + 144*x + 611. Let f be v(76). Let i(h) = 7*h + 10. Give i(f).
31
Suppose -18*v + 15 + 21 = 0. Let x(j) = -8 + 4*j - 14*j**2 + 9*j**2 + 6*j**v. What is x(-8)?
24
Suppose -14 = 2*t + 2*l, 2*l + 15 = -5*t - 2. Let d(v) = -32*v**3 - 5*v**2 - 5*v + 1. Give d(t).
33
Let a(f) = 8*f - 7. Let g be ((-10)/(-24) - 8/(-24))/(48/128). Determine a(g).
9
Let x(y) be the first de